- j**2. Let c(v) = -11*o(v) + 2*s(v). Suppose -54 = -3*i + 12*i. Give c(i).
-19
Let p(b) = -7*b**2 + 44*b + 1. Let s be p(6). Let u(d) be the first derivative of d**4/4 - 13*d**3/3 + d**2/2 - 5*d + 55. Calculate u(s).
8
Let i(t) = 205 + 43*t - 443 + 3*t**2 + 222. Calculate i(-15).
14
Let g(k) = -2*k**2 - k - 4. Suppose -6 = -4*r - 2*p - 12, 2*r + 6 = 2*p. Let v be g(r). Let j(n) = 2*n + 10. Calculate j(v).
-10
Let p(t) = 11*t + 56. Suppose -31*z - z - 210 = -2*z. Calculate p(z).
-21
Let f(r) = 20*r - 266. Let g(z) = -13*z + 168. Let o(h) = 5*f(h) + 8*g(h). What is o(4)?
-2
Let k(j) = -23*j + 9. Let t be 10 + -7 + 2/(-4)*(-24 + 24). Give k(t).
-60
Let n = -21 + 22. Let l(u) = 0 - n + 2*u + 5 + u. Let s(q) = -35*q - 452. Let r be s(-13). Calculate l(r).
13
Let n(x) = 14*x**2 - 7*x - x**3 + x - 10*x**2 + 0*x**2 - 4 - 10*x**2. Suppose -19*g + 15*g + 8 = 0. Suppose -15 = d + g*d. Determine n(d).
1
Suppose 3*z - 16 = -v, -4*z - 3*v + 56 = 43. Let b(r) = -z*r + r + 5*r - 2 + r**2. Calculate b(3).
4
Let r = -116 - -60. Let t be 122*(14/r)/((-1)/4). Let a = -118 + t. Let i(w) = w**3 - 5*w**2 + 2*w - 4. Calculate i(a).
-12
Let b = 2 + 5. Let s(c) be the first derivative of c**2 - 20*c + 43330. Determine s(b).
-6
Let k = 42 - 33. Suppose 2*l = -5*h + 10, 2*l + 1 = 2*h - 3. Let s(x) = -18*x**2 + 36*x**h + 10*x - 10*x**2 - x**3. What is s(k)?
9
Let l(j) = -j**2 - 3*j - 6. Let x(m) = m**3 + 8*m**2 - 10*m - 13. Suppose 4*d + 5*k + 56 = 0, 2*d + 7 = -d + 5*k. Let r be x(d). Let v = r - 1. What is l(v)?
-16
Let i(f) be the third derivative of -f**6/60 - 2*f**5/15 + f**4/24 + 2*f**3 - 992*f**2. Determine i(-3).
-9
Let y(t) = -13*t**2 - 2*t - 16. Let g(x) = -6*x**2 - x - 6. Let c(n) = -5*g(n) + 2*y(n). Calculate c(-2).
12
Let x(l) be the first derivative of -l**2/2 + 42*l + 100. Suppose 77*f = 88*f. Calculate x(f).
42
Suppose -11*u = -30*u + 190. Let c(k) = 8 - 21*k - k**3 + 68*k**2 + 2*k**3 + 6 - 2*k**3 - 56*k**2. What is c(u)?
4
Let c(d) = -d**3 - d**2 - d + 4. Let v = -6980 - -7030. Let p be 5/(1/10 + 0). Let y = v - p. Give c(y).
4
Let l(i) be the first derivative of 4*i**2 - 22*i - 2754. Give l(7).
34
Let y(c) = -c**3 + 6*c**2 + 7*c - 4. Let f be 2/2 - (-15 - -15). Suppose 9*x - 62 - f = 0. Let d be y(x). Let q(o) = o**3 + 4*o**2 + 3*o + 5. What is q(d)?
-7
Let o(s) = -5*s - 1. Suppose -4 = 2*h - 6*h, c = -h - 46. Let u = -46 - c. Let q be (u - 0 - -1)/2. Give o(q).
-6
Let n(h) = 2*h**2 - h + 1. Suppose -2 - 102 = -4*g. Suppose 17*f - 43 = -g. Determine n(f).
2
Suppose 0 = -5*v - 0*v, -5*z + 5*v - 25 = 0. Suppose 25*p + 13 = -12. Let h be -1 + -10 - (z + (p - -3)). Let r(m) = -m**3 - 9*m**2 - 9*m + 2. Give r(h).
10
Let l = 12868 - 12869. Let t(v) = -4*v**2 - v + 2. Let q(m) = 11*m**2 + 4*m - 6. Let k(g) = 2*q(g) + 7*t(g). Calculate k(l).
-5
Let n = 1679 - 1689. Let l(c) be the first derivative of -c**3/3 - 9*c**2/2 - c - 9. Determine l(n).
-11
Let j(s) be the second derivative of 0 - 61*s + 1/4*s**4 - 2/3*s**3 + 3/2*s**2 - 1/20*s**5. Let v = 5 - 3. Determine j(v).
-1
Let s(g) = -7*g - 166 - 155 + 417. Determine s(17).
-23
Suppose 25 = 9*t - 8 - 21. Suppose -4*k + 12 = 0, -4*h - 6*k = -k - 35. Let a(x) = 0 - 3*x + 4*x - h. Determine a(t).
1
Let j(i) = -i + 4. Let x(t) = 3*t - 12. Let b(z) = 17*j(z) + 6*x(z). Let d = 726 + -734. Calculate b(d).
-12
Let x(a) = 16*a**2 - 31*a**2 + 3203*a + 35 - a**3 - 3289*a - 17*a**2. Give x(-29).
6
Let p(w) = -w**3 + 9*w**2 - 5*w + 3. Let y(m) = m**2 + m + 1. Suppose -2*d - 20 + 24 = 0. Let t(j) = d*y(j) - p(j). Let z be ((-2)/3)/(1/(-9)). Determine t(z).
5
Let c(o) be the third derivative of 0 + 0*o - 1/30*o**5 - 7*o**2 + 1/2*o**3 - 1/12*o**4. Let w(u) be the first derivative of c(u). Determine w(-2).
6
Suppose -5*z - 34 + 9 = 0. Let c(x) = -7 + 3062*x**2 + x**3 + 3030*x**2 - 6086*x**2. Give c(z).
18
Let p(r) = 2*r**3 + 48*r**2 - 2*r - 43. Let h be p(-24). Let x(b) = -b - 13*b**2 - b**2 + 1 + b**3 - 3 + h*b**2. Determine x(9).
-11
Let d(b) be the second derivative of 11*b**3/6 + 27*b**2/2 + 20*b. What is d(-2)?
5
Let a(c) = -c**2 + 233*c - 2224. Let t be a(10). Let u(p) = -9*p + 49. Determine u(t).
-5
Suppose -487*w = -492*w + 4*t - 71, 0 = -5*w - t - 101. Let r(a) = 4*a + 43. What is r(w)?
-33
Let n(t) = -253*t - 39. Let a(y) = -41*y + 1. Let v(d) = -6*a(d) + n(d). Give v(-7).
4
Let w(g) = -g**2 + 8*g + 7. Suppose 139*m + 29*m = 1176. Give w(m).
14
Let j(p) = p**2 + p - 3. Let a be ((-1)/8*82 - 0)*4. Let s = a + 41. Let c be j(s). Let n(k) = k**2 + k - 3. What is n(c)?
3
Let i(b) be the third derivative of b**5/60 + 5*b**4/24 + b**3 - b**2 - 5. Calculate i(-1).
2
Let v(k) = k - 5. Let s be v(2). Let c be (-9)/3 + -40 + s. Let u = -39 - c. Let x(h) = h**3 - 8*h**2 + 7*h - 4. Calculate x(u).
-4
Let s(i) be the first derivative of -21*i**2/2 - 5*i + 1149. Calculate s(2).
-47
Let c = -28 - -43. Suppose 4*u = 4, -i - 2*i - 3*u + c = 0. Let g(d) = d + 5. Let l(w) = -3*w - 15. Let x(p) = 17*g(p) + 6*l(p). Calculate x(i).
-9
Let u(r) = 9*r + 2. Let j(m) = 12*m + 4. Let l(q) = -j(q) + 3*u(q). Determine l(-3).
-43
Let f(n) = -7*n - 2. Let w(x) = -x. Let r(k) = -f(k) + 6*w(k). Let h = -31 + -18. Let i = h - -56. Give r(i).
9
Let n(q) = -2*q**2 - 9*q - 3. Let g(z) = 15*z**2 + 317*z + 307*z - 6 - 579*z. Let b be g(-3). Give n(b).
-21
Let x(r) = -r + 6. Let f be x(3). Let b(o) = -5*o**3 + o**3 + 0*o**f - 3*o + 2*o. Give b(-1).
5
Suppose o - 539 = 18. Suppose -1533 = -8*k - o. Suppose 118 - k = 2*s. Let v(l) = l**3 + 4*l**2 + 3*l. Calculate v(s).
2
Let x(y) = -2*y + 3855 - 3*y**2 - 7724 + 3860. Calculate x(-2).
-17
Let u(d) = 3*d + 1. Suppose 8 = -s - 3*a, 2*a = 3*s - 10 - 10. Suppose -2*r - s = -6*q + 4*q, 5*r - 2 = 3*q. Determine u(q).
19
Let l(t) = 19*t - 12 - 30 - 27*t - 1. What is l(-7)?
13
Suppose u = 5*u - 56. Let q(k) = -37*k**3 + 45*k**2 + 15*k - 17. Let y(h) = -610*h**3 + 736*h**2 + 240*h - 271. Let o(d) = 33*q(d) - 2*y(d). Determine o(u).
-5
Let j(a) = -a**3 + 9*a**2 - 10*a + 18. Let n be j(8). Let d = n - -28. Let v = -34 + d. Let o(c) = c**2 + 3*c + 2. What is o(v)?
6
Let p(d) = 4*d**2 + 7 + 0*d**3 + d**3 + 2589*d + 3*d**2 - 2597*d + 0. What is p(-8)?
7
Let m(a) = 2*a + 1 - 2*a**2 + 4*a**2 - a**2. Let l = -246 - -261. Suppose -5*c - 8 = -u, 9*u = 14*u - l. Calculate m(c).
0
Let c(j) = 2*j. Let d be c(3). Suppose 5*q = -24*q + 29. Let t(x) = -q - d + 1 - x + 2. What is t(3)?
-7
Suppose 0 = 3*t + 2*t - 1430. Suppose 290*x = t*x. Let f(p) = p**2 - p - 38. Calculate f(x).
-38
Let b be 26/(-12)*396/(-9)*-3. Let k = b + 281. Let t(p) = 2*p + 3. Let q(n) = -n - 1. Let f(j) = 3*q(j) + 3*t(j). Determine f(k).
-9
Let q = -5333 + 5321. Let p(o) = o**3 + 12*o**2 - 3*o + 6. Calculate p(q).
42
Let y(t) = -2*t**2 + 27*t - 3. Let m(l) = -30*l + 2744. Let z be m(91). Calculate y(z).
-17
Let b(s) = s**3 + 4*s**2 - 7*s + 2. Let g = 5755 + -5779. Suppose 2*f + 62 - 4 = 0. Let y = f - g. Calculate b(y).
12
Let z(r) = 2*r - 87. Let t(l) = -3*l + 121. Let p(n) = -5*t(n) - 7*z(n). What is p(16)?
20
Suppose 101*m + 32 = 105*m. Suppose 2 = -6*f + m*f. Let p(h) = -2*h**2 - 2*h + 1. Determine p(f).
-3
Let d = -11 + 1. Let v = -51 + 67. Let h(c) = v - 2*c - 17 + c - 6. Calculate h(d).
3
Let q(u) = 17494*u**3 - 5*u**2 - 17493*u**3 - 5 - 3*u - u. Let x be 2/(-3) + (-17)/(-3). Suppose x*o - 1 = 29. Determine q(o).
7
Let k(o) = -o**3 - 6*o**2 + 6*o - 7. Let r be 6*17*(-2)/6. Suppose 0 = 9*t - 569 + 812. Let m = r - t. Calculate k(m).
0
Let k(u) = 7*u**3 + 75*u**2 - 3*u - 4. Let t(n) = 6*n**3 + 55*n**2 - 5*n - 3. Let o(g) = 2*k(g) - 3*t(g). Calculate o(-4).
-19
Let u(w) = w**3 - 4*w**2 - 7*w + 6. Let d = 33 - 44. Let x be (-6 - -3)*d/(-3) + -1. Let t be (3/(-2))/(-3)*(x + 22). Determine u(t).
-4
Let u(w) = -31*w**2 - 2 + 54*w**2 + 1 - 23*w**2 + 11*w**3 - 2*w. Let z = 4 + -8. Let b = -5 - z. Determine u(b).
-10
Suppose -4*m = -2*p + 12, 3*p + 2*m = 83 - 73. Let f(g) = 16*g**2 - 16*g - 5. Let s(b) = -3*b**2 + 3*b + 1. Let t(v) = 2*f(v) + 11*s(v). Give t(p).
-11
Suppose 122*x - 36 = 118*x. Let i(h) = 27*h**2 - 28*h**2 + x*h**3 - 14*h**3. Give i(1).
-6
Let w(k) = 7*k + 33 - 3*k**2 - 40 + 2*k**2. Suppose 0 = m - 1. Suppose -2*r - m = u - 0*r, -4*r = u + 9. Calculate w(u).
-7
Suppose -2*j = -h + 13, -267 = -22*h + 5*j + 58. Let d(u) = -u**2 + 16*u + 30. What i